/24 - 11*l**3/3 - 8*l**2 + 36*l. What is w(5)?
3
Let h(c) be the second derivative of -c**4/4 - 20*c**3/3 + 9*c**2 - 2833*c. Calculate h(-14).
-10
Let m(h) = 11*h**2 - 652*h**3 + 316*h**3 + 2 + 8*h + 332*h**3 - 4. What is m(-1)?
5
Let g be 8*(-2)/32*-14. Let c(r) be the first derivative of g + 0*r + 11/2*r**2. Calculate c(-1).
-11
Let f(o) be the first derivative of -7/3*o**3 - 5*o**2 + o + 1/4*o**4 - 179. Give f(8).
-15
Let c = 207841/124701 - 2/41567. Let r(g) be the third derivative of 1/3*g**4 + 33*g**2 - c*g**3 + 0*g + 1/60*g**5 + 0. Give r(-9).
-1
Suppose 980 = 9*z - 262. Let d = -135 + z. Let c(i) = -3*i**3 + i**2 + 8*i**3 - 3*i**d. Calculate c(1).
3
Let n(v) = -v**2 - 5*v + 3. Let k(q) = -q**2 + 12*q. Let t be k(8). Suppose t = -12*d - 40. Calculate n(d).
-3
Let k(o) be the third derivative of -o**6/60 - o**5/60 + o**4/12 + o**3/2 - 29*o**2 + 2. Determine k(-1).
2
Suppose 40 = 9*j + 5*t - 11, j - 10 = -2*t. Let x(u) = -3*u + 8. What is x(j)?
-4
Let c(r) = -19*r**2 + 4*r + 4. Let q(h) = -22*h**3 - 133*h**2 - 11*h - 31. Let y be q(-6). Give c(y).
-19
Suppose 0 = -5*q + 37 - 12. Let m(p) = -5*p**3 - 4*p**2 + 84*p + 1. Let z(g) = -4*g**3 - 4*g**2 + 69*g + 1. Let j(a) = 5*m(a) - 6*z(a). Determine j(q).
4
Suppose 48*u - 46*u = 6. Suppose -4*f + 32 - 308 = -4*z, u*z + 2*f = 217. Let v = z - 65. Let y(o) = 2*o**2 - 9*o + 4. Calculate y(v).
22
Let b(r) = -r**3 + 3*r**2 + 3*r - 1. Suppose 4*l - 1778 = -5*w, -2*l + 619 = 4*w - 801. Let k = 358 - w. Calculate b(k).
-5
Let s(f) = f. Let i(a) = 1. Let x(j) = -i(j) - s(j). Suppose 0 = -4*k + 81 - 1. Suppose 6*b = 10*b + k. What is x(b)?
4
Let j(g) = -65*g - 38. Let h(s) = -63*s - 35. Let x(r) = -13*h(r) + 12*j(r). Let u = 6 - 5. What is x(u)?
38
Let k be (14/3)/((41/(-6))/41). Let f(c) = -c**2 - 26*c + 62. What is f(k)?
6
Let l(y) be the first derivative of y**5/10 + y**4/8 - y**3/2 - 283*y**2/2 + 268. Let c(x) be the second derivative of l(x). Determine c(2).
27
Let w be (2/(-3))/(1 + 14/(-21)). Let u(s) = 30*s - 1. Let v(i) = -7*i. Let z(l) = w*u(l) - 9*v(l). What is z(-4)?
-10
Let d(s) = -92*s - 54. Let x(j) = -41*j - 26. Let g(w) = 8*d(w) - 18*x(w). What is g(-6)?
24
Let v(d) = 4*d + d - 10018226 - 22*d + 10018184. Calculate v(-6).
60
Let m(i) = i**3 - 6*i**2 - 7*i + 9. Suppose 3*t + 3*j - 51 = 0, -4*j + 5*j = 3*t - 63. Let k(u) = u**2 + 5*u - 27. Let z be k(-7). Let h = t + z. Give m(h).
9
Let w(d) be the first derivative of 1/6*d**3 + 11/2*d**2 + 0*d - 3 + 1/24*d**6 + 0*d**4 + 0*d**5. Let c(v) be the second derivative of w(v). Give c(-1).
-4
Let r(t) be the first derivative of 5/3*t**3 + 12*t**2 + 3/20*t**5 - 1/120*t**6 + 0*t**4 + 0*t - 12. Let l(b) be the second derivative of r(b). What is l(9)?
10
Let n be (-12 + 0)*(4/8)/(58 + -60). Suppose -5*r = -25, 5*r = 3*t - 2*t + 25. Let y(g) = -3*g + g**2 + 0 + t. Calculate y(n).
0
Let m(u) = u**3 - 840 + 0*u**3 + u - 806 + 1652. Calculate m(3).
36
Let d(s) = 11*s - 24. Let y be d(2). Let c(o) = -2*o**2 - 2*o - 2. Let b be 4/(-14) + 35/(-49). Let i(q) = 1. Let k(g) = b*c(g) - 3*i(g). What is k(y)?
3
Let p be (-2)/8 - 1020/(-48). Let h(t) = -t + 23. Let x be h(p). Let z(d) = -x + 920*d + 3 - 922*d. What is z(-4)?
9
Let v(d) = 4*d + 3. Let w = -51 - 68. Let g = 114 + w. What is v(g)?
-17
Let y = 34 + -33. Let s(a) = -26*a + 4*a**2 - 2 + y + 26*a. Suppose -169 + 165 = -4*b. What is s(b)?
3
Let s(v) = v**3 - 5*v**2 + 5*v - 6. Suppose -12*x - 48*x = -19980. Suppose -12*o + 381 = x. What is s(o)?
-2
Let j(z) = z**3 - 12*z**2 + z - 19. Let c = -1612 - -1624. Calculate j(c).
-7
Suppose 5*u + 3*v = 77, u - 5*v = -u + 37. Let w be 1*((-2)/u + (-306)/(-272)). Let z(j) = -2*j**2 - 1. Calculate z(w).
-3
Suppose -148*j - 413 = -207*j. Let y(w) = w**3 - 6*w**2 - 9*w - 5. What is y(j)?
-19
Let r(d) be the second derivative of 2*d**3/3 + 36*d**2 + 3*d + 144. What is r(-13)?
20
Let u(s) = 11*s**2 - s + 8. Let d be u(-5). Let t = d - 293. Let i(j) = -j**3 - 6*j**2 - 8*j - 9. Give i(t).
6
Suppose -132*p = -125*p + 42. Let t be (-310)/(-210)*-3 + p/(-14). Let y(d) = 2*d + 1. Calculate y(t).
-7
Let l(c) = -19*c - 9. Let y(n) = -43*n - 19. Let m(z) = 9*l(z) - 4*y(z). Suppose -18 = -5*i - 3. Let g = i - -3. Give m(g).
1
Suppose -i = -2*g + 13, 84 = -4*g + 4*i + 120. Let l(r) = r**2 - 12*r + 41. What is l(g)?
9
Suppose 127*r + 1980 = -71*r. Let t(d) = 2*d + 16. Give t(r).
-4
Let b be 14/56 - (-162)/(-8). Let p be 2/(-4) + -2 + (-70)/b. Let n(a) = -32*a**3 - a**2. Give n(p).
-33
Let u(j) = -4 - j + j + 24 + j + 9. Calculate u(-24).
5
Suppose 656 = -6*k + 2768. Let z be 16/(-120) + -1*k/60. Let m(n) = -3*n + 7. Determine m(z).
25
Let b(t) = -10*t - 127. Let w = 11082 - 11095. Determine b(w).
3
Let c be 6/14 - (-186)/42*-1. Let f be (-6)/c*120/45 + 7. Let k(p) = 0*p**3 - 3441*p - f - p**3 + 3448*p - 8*p**2. What is k(-9)?
7
Suppose 4*o - n - 34 = n, -2*o + 3*n = -23. Let l(f) = 5*f**2 - 13*f + 3. Let a(z) = 14*z**2 - 36*z + 8. Let t(b) = -6*a(b) + 17*l(b). Determine t(o).
17
Let m(y) = -77*y - 5. Let q(l) = 14*l - 2. Let f(g) = -m(g) - 5*q(g). Calculate f(-3).
-6
Let z be 645/40 + (-90)/80. Let q(c) = -6*c + 85. Determine q(z).
-5
Suppose 0 = 78*w - 0 - 7 + 7. Let u(t) be the second derivative of -t**3/6 + 19*t**2/2 + 2*t. What is u(w)?
19
Suppose -19*f + 78 = 66 - 140. Let l(d) = 4 + 5*d + 6 + 5 - d**2. What is l(f)?
-9
Let f be (-5 + 18/4)*(3 - -3)/(-3). Let a(u) = 53*u + 2. Determine a(f).
55
Suppose 2*q + 0*q + 522 = 4*z, -3*q + z = 768. Let r = q + 253. Let j(h) = h**2 + 5*h + 2. What is j(r)?
-4
Suppose -i = 2, -9 = -4*m - m + 2*i. Let h(u) be the third derivative of u**6/15 + u**3/6 - 71*u**2. Determine h(m).
9
Let v(z) = 90 + 1570*z - 1576*z - 90. Calculate v(-7).
42
Let s be (-2 - 20/(-12))/((3/252)/(-1)). Let p(b) = -22*b + 608. Determine p(s).
-8
Suppose 1301*y = -57 + 57. Let n(a) be the second derivative of a**4/12 + a**3/6 - 5*a**2 + 2*a. Give n(y).
-10
Let h(w) be the second derivative of -2*w**3/3 + 19*w**2/2 - 8202*w. Give h(5).
-1
Suppose 20 - 4 = -5*q + 2*b, 0 = 2*q - 4*b. Let n be (q + 2)*-3*(-42)/36. Let h(t) = -t**3 - 10*t**2 - 21*t - 1. Give h(n).
-1
Let p(d) be the first derivative of -8*d**2 - 59*d + 7133. Determine p(-6).
37
Let r(j) = 109*j**2 - 2*j - 13. Let t be r(0). Let c(m) = m**3 + 14*m**2 + 12*m - 1. Give c(t).
12
Let h(s) be the first derivative of 62*s**3/3 + 2*s**2 + 3*s - 10607. Give h(-1).
61
Let p(b) be the third derivative of -b**6/36 - b**5/120 - 19*b**4/24 + b**3/2 + 17*b**2. Let s(j) be the second derivative of p(j). What is s(1)?
-21
Let h(s) = s**2 + 9*s + 3. Let v(y) = 415*y + 0*y**2 + 410*y + y**2 + 3 - 836*y + 0*y**2. Let p = 17 - 7. Let l be v(p). Determine h(l).
-11
Let t = 17 - 37. Let l = t + 41. Suppose -8*x + x + l = 0. Let f(g) = g**3 - 4*g**2 + 2*g. Calculate f(x).
-3
Let y(g) = -9*g**2 - 9 + 0 + 2*g**2 - g**2 + g**3. Let a(u) = 2*u**3 + 12*u**2 + 8*u - 9. Let h be a(-5). Let o be (21/3 + h)/1. Calculate y(o).
-9
Let l(h) = -2*h**2 + h + 3. Suppose 3*d = 2*d + k + 149, -318 = -2*d - 2*k. Suppose -d*f = -152*f - 16. Suppose 0*a = -3*x + 2*a + 5, 0 = 4*a - f. What is l(x)?
-12
Let b(f) = f - 6. Let k be b(10). Suppose 0 = k*j - 26 + 6. Let u(a) be the second derivative of a**3/2 - 7*a**2/2 - 44*a. Determine u(j).
8
Suppose 6*w + 1788 = 1806. Let m(k) = 13*k - 52*k**2 + 25 - k**w - 14 + 65*k**2 + 8. Determine m(14).
5
Let o be -4 - (7 + 12/(-6) + -2). Let b(h) be the first derivative of h**4/4 + 7*h**3/3 + h**2/2 + 5*h + 18. Give b(o).
-2
Let k(x) be the first derivative of x**6/360 + x**5/30 - 11*x**4/24 + 62*x**3/3 - x**2 - 11. Let g(w) be the third derivative of k(w). Determine g(-7).
10
Let y(m) = -102*m**2 - 44*m - 109. Let r(j) = -44*j**2 - 19*j - 47. Let k(u) = -23*r(u) + 10*y(u). Give k(-3).
-72
Let d(s) = 2*s - 3. Let n(i) = i + 1. Let l(m) = d(m) + 2*n(m). Let o = -137 - -145. Let h(j) = -j + 10. Let q be h(o). Determine l(q).
7
Suppose -6*b - 13 = -2*q - 11*b, q = 2*b + 2. Let x(l) = 5 - q + 1382*l - 1381*l - 19*l**2. Determine x(-1).
-19
Let c be (-3)/6 - ((-147)/(-2))/(-7). Suppose 0 = -3*s - 15, c = 3*n + s + 3*s. Let b(l) = -n*l**2 + 2*l**3 + l - 3*l**3 + 14*l**2 - 1 - 2*l**2. Calculate b(2).
1
Suppose -36 = u - 5*u. Let y be ((-264)/u)/(-8) - 4/(-12). Let m(z) = z**3 - 2*z**2 - 5*z + 3. Determine m(y).
1